{"id":177,"date":"2023-03-31T11:14:20","date_gmt":"2023-03-31T11:14:20","guid":{"rendered":"https:\/\/www.physiopraxis-uhingen.de\/services\/?page_id=177"},"modified":"2023-03-31T11:14:20","modified_gmt":"2023-03-31T11:14:20","slug":"physioteaem-adelberg","status":"publish","type":"page","link":"https:\/\/www.physiopraxis-uhingen.de\/services\/services\/physioteaem-adelberg\/","title":{"rendered":"Physioteam Adelberg Telefon: 07161-37176"},"content":{"rendered":"<h2>Wir unterst\u00fctzen gr\u00f6\u00dfere und kleine Patientinnen und Patienten dabei, die Funktionalit\u00e4t des K\u00f6rpers durch ein vielf\u00e4ltiges Angebot an therapeutischen Anwendungen zu therapieren.<\/p>\n<\/h2>\n<p> Gute Behandlungsqualit\u00e4t und unser hochqualifiziertes Personal zeichnen uns aus. Durch Ihre Behandlung m\u00f6chten wir Ihre k\u00f6rperliche Dynamik und Ihr Wohlbefinden steigern und Ihnen damit wiederum zu mehr Lebensqualit\u00e4t verhelfen.<\/h2>\n<h2>Bei uns dreht sich alles um Ihr Wohlbefinden<\/h2>\n<p>F\u00fcr uns als Physiotherapeuten ist Sauberkeit selbstverst\u00e4ndlich wie auch Ihre Gesundheit ist bei uns auf Platz 1. Wir befolgen alle Hygienevorschriften der Landesregierung. Selbstverst\u00e4ndlich steht unsere Praxis auch mit den Gesundheits\u00e4mtern im Kreis G\u00f6ppingen in engem Kontakt.<\/p>\n<h2>Sie erreichen uns per Telefon oder k\u00f6nnen online einen Termin ausmachen.<\/h2>\n<p>Wir bitten Sie zu beachten, dass Rezepte der gesetzlichen Krankenkassen generell lediglich vierzehn Tage G\u00fcltigkeit haben. Wenn das Rezept \u00e4lter ist, muss es vom Arzt bis zum ersten Behandlungstermin abge\u00e4ndert werden. Rezepte der Berufsgenossenschaften sind nur 7 Tage lang verwendbar, au\u00dfer bei privaten Rezepten gibt es keine Frist.<\/p>\n<p>Bitte bringen Sie zu einem ersten Termin das Rezept, die Versicherungskartee und, Ihren gegenw\u00e4rtigen Befund mit.<\/p>\n<h2>Unsere Mitarbeiter freuen sich auf Sie<\/h2>\n<p>Sie erreichen uns <strong><span style=\"color: #F79646;\">telefonisch<\/span><\/strong> unter: <strong><span style=\"color: #F79646;\">0 71 61 37 17 6<\/span><\/strong> , per <strong><span style=\"color: #F79646;\">E-Mail<\/span><\/strong> unter: <strong><span style=\"color: #F79646;\">info@kg-kaelberer.de<\/span><\/strong> oder auch \u00fcber das nachfolgende <strong><span style=\"color: #F79646;\">Kontaktformular<\/span><\/strong>.<\/p>\n<h2>Physioteam Termin vereinbaren<\/h2>\n<div role=\"form\" class=\"wpcf7\" id=\"wpcf7-f4-o1\" lang=\"de-DE\" dir=\"ltr\">\n<div class=\"screen-reader-response\"><p role=\"status\" aria-live=\"polite\" aria-atomic=\"true\"><\/p> <ul><\/ul><\/div>\n<form action=\"\/services\/wp-json\/wp\/v2\/pages\/177#wpcf7-f4-o1\" method=\"post\" class=\"wpcf7-form init\" novalidate=\"novalidate\" data-status=\"init\">\n<div style=\"display: none;\">\n<input type=\"hidden\" name=\"_wpcf7\" value=\"4\" \/>\n<input type=\"hidden\" name=\"_wpcf7_version\" value=\"5.5.4\" \/>\n<input type=\"hidden\" name=\"_wpcf7_locale\" value=\"de_DE\" \/>\n<input type=\"hidden\" name=\"_wpcf7_unit_tag\" value=\"wpcf7-f4-o1\" \/>\n<input type=\"hidden\" name=\"_wpcf7_container_post\" value=\"0\" \/>\n<input type=\"hidden\" name=\"_wpcf7_posted_data_hash\" value=\"\" \/>\n<\/div>\n<p>Betreff: <span class=\"wpcf7-form-control-wrap menu-213\"><select name=\"menu-213\" class=\"wpcf7-form-control wpcf7-select wpcf7-validates-as-required\" aria-required=\"true\" aria-invalid=\"false\"><option value=\"Termin\">Termin<\/option><option value=\"Sonstiges\">Sonstiges<\/option><\/select><\/span><\/p>\n<p><label> *Name<br \/>\n    <span class=\"wpcf7-form-control-wrap your-name\"><input type=\"text\" name=\"your-name\" value=\"\" size=\"40\" class=\"wpcf7-form-control wpcf7-text wpcf7-validates-as-required\" aria-required=\"true\" aria-invalid=\"false\" \/><\/span> <\/label><\/p>\n<p><span id=\"wpcf7-69f380deebb04-wrapper\" class=\"wpcf7-form-control-wrap Vorname-wrap\" style=\"display:none !important; visibility:hidden !important;\"><label for=\"wpcf7-69f380deebb04-field\" class=\"hp-message\">Bitte lasse dieses Feld leer.<\/label><input id=\"wpcf7-69f380deebb04-field\"  class=\"wpcf7-form-control wpcf7-text\" type=\"text\" name=\"Vorname\" value=\"\" size=\"40\" tabindex=\"-1\" autocomplete=\"off\" \/><\/span><\/p>\n<p><label> *E-Mail-Adresse<br \/>\n    <span class=\"wpcf7-form-control-wrap your-email\"><input type=\"email\" name=\"your-email\" value=\"\" size=\"40\" class=\"wpcf7-form-control wpcf7-text wpcf7-email wpcf7-validates-as-required wpcf7-validates-as-email\" aria-required=\"true\" aria-invalid=\"false\" \/><\/span> <\/label><\/p>\n<p><label> *Nachricht (optional)<br \/>\n    <span class=\"wpcf7-form-control-wrap your-message\"><textarea name=\"your-message\" cols=\"40\" rows=\"10\" class=\"wpcf7-form-control wpcf7-textarea wpcf7-validates-as-required\" aria-required=\"true\" aria-invalid=\"false\"><\/textarea><\/span> <\/label><\/p>\n<div style=\"background-color: rgba(128,128,128,.05); border: 1px solid rgba(128,128,128,.1); padding: .5em;\">\n<span class=\"wpcf7-form-control-wrap accept-this-1\"><span class=\"wpcf7-form-control wpcf7-acceptance\"><span class=\"wpcf7-list-item\"><label><input type=\"checkbox\" name=\"accept-this-1\" value=\"1\" aria-invalid=\"false\" \/><span class=\"wpcf7-list-item-label\">*Ich willige ein, dass meine Angaben zur Kontaktaufnahme und Zuordnung f\u00fcr eventuelle R\u00fcckfragen dauerhaft gespeichert werden (diese Einwilligung k\u00f6nnen Sie jederzeit durch Nachricht an uns widerrufen - Ihre Daten werden dann umgehend gel\u00f6scht). Weitere Informationen finden Sie in der <a target=\"_blank\" href=\"\/datenschutz\/\">Datenschutzerkl\u00e4rung<\/a>.<\/span><\/label><\/span><\/span><\/span>\n<\/div>\n<p><input type=\"submit\" value=\"Senden\" class=\"wpcf7-form-control has-spinner wpcf7-submit\" \/><\/p>\n<div class=\"wpcf7-response-output\" aria-hidden=\"true\"><\/div><\/form><\/div>\n","protected":false},"excerpt":{"rendered":"<p>Wir unterst\u00fctzen gr\u00f6\u00dfere und kleine Patientinnen und Patienten dabei, die Funktionalit\u00e4t des K\u00f6rpers durch ein vielf\u00e4ltiges Angebot an therapeutischen Anwendungen zu therapieren. Gute Behandlungsqualit\u00e4t und unser hochqualifiziertes Personal zeichnen uns aus. Durch Ihre Behandlung m\u00f6chten wir Ihre k\u00f6rperliche Dynamik und Ihr Wohlbefinden steigern und Ihnen damit wiederum zu mehr Lebensqualit\u00e4t verhelfen. Bei uns dreht sich &hellip; <a href=\"https:\/\/www.physiopraxis-uhingen.de\/services\/services\/physioteaem-adelberg\/\" class=\"more-link\">Continue reading<span class=\"screen-reader-text\"> &#8222;Physioteam Adelberg Telefon: 07161-37176&#8220;<\/span><\/a><\/p>\n","protected":false},"author":2,"featured_media":178,"parent":24,"menu_order":0,"comment_status":"closed","ping_status":"closed","template":"","meta":[],"_links":{"self":[{"href":"https:\/\/www.physiopraxis-uhingen.de\/services\/wp-json\/wp\/v2\/pages\/177"}],"collection":[{"href":"https:\/\/www.physiopraxis-uhingen.de\/services\/wp-json\/wp\/v2\/pages"}],"about":[{"href":"https:\/\/www.physiopraxis-uhingen.de\/services\/wp-json\/wp\/v2\/types\/page"}],"author":[{"embeddable":true,"href":"https:\/\/www.physiopraxis-uhingen.de\/services\/wp-json\/wp\/v2\/users\/2"}],"replies":[{"embeddable":true,"href":"https:\/\/www.physiopraxis-uhingen.de\/services\/wp-json\/wp\/v2\/comments?post=177"}],"version-history":[{"count":0,"href":"https:\/\/www.physiopraxis-uhingen.de\/services\/wp-json\/wp\/v2\/pages\/177\/revisions"}],"up":[{"embeddable":true,"href":"https:\/\/www.physiopraxis-uhingen.de\/services\/wp-json\/wp\/v2\/pages\/24"}],"wp:featuredmedia":[{"embeddable":true,"href":"https:\/\/www.physiopraxis-uhingen.de\/services\/wp-json\/wp\/v2\/media\/178"}],"wp:attachment":[{"href":"https:\/\/www.physiopraxis-uhingen.de\/services\/wp-json\/wp\/v2\/media?parent=177"}],"curies":[{"name":"wp","href":"https:\/\/api.w.org\/{rel}","templated":true}]}}

<h2>Wir unterstützen größere und kleine Patientinnen und Patienten dabei, die Funktionalität des Körpers durch ein vielfältiges Angebot an therapeutischen Anwendungen zu therapieren.</p>
</h2>
<p> Gute Behandlungsqualität und unser hochqualifiziertes Personal zeichnen uns aus. Durch Ihre Behandlung möchten wir Ihre körperliche Dynamik und Ihr Wohlbefinden steigern und Ihnen damit wiederum zu mehr Lebensqualität verhelfen.</h2>
<h2>Bei uns dreht sich alles um Ihr Wohlbefinden</h2>
<p>Für uns als Physiotherapeuten ist Sauberkeit selbstverständlich wie auch Ihre Gesundheit ist bei uns auf Platz 1. Wir befolgen alle Hygienevorschriften der Landesregierung. Selbstverständlich steht unsere Praxis auch mit den Gesundheitsämtern im Kreis Göppingen in engem Kontakt.</p>
<h2>Sie erreichen uns per Telefon oder können online einen Termin ausmachen.</h2>
<p>Wir bitten Sie zu beachten, dass Rezepte der gesetzlichen Krankenkassen generell lediglich vierzehn Tage Gültigkeit haben. Wenn das Rezept älter ist, muss es vom Arzt bis zum ersten Behandlungstermin abgeändert werden. Rezepte der Berufsgenossenschaften sind nur 7 Tage lang verwendbar, außer bei privaten Rezepten gibt es keine Frist.</p>
<p>Bitte bringen Sie zu einem ersten Termin das Rezept, die Versicherungskartee und, Ihren gegenwärtigen Befund mit.</p>
<h2>Unsere Mitarbeiter freuen sich auf Sie</h2>
<p>Sie erreichen uns <strong><span style="color: #F79646;">telefonisch</span></strong> unter: <strong><span style="color: #F79646;">0 71 61 37 17 6</span></strong> , per <strong><span style="color: #F79646;">E-Mail</span></strong> unter: <strong><span style="color: #F79646;">info@kg-kaelberer.de</span></strong> oder auch über das nachfolgende <strong><span style="color: #F79646;">Kontaktformular</span></strong>.</p>
<h2>Physioteam Termin vereinbaren</h2>
<div role="form" class="wpcf7" id="wpcf7-f4-o1" lang="de-DE" dir="ltr">
<div class="screen-reader-response"><p role="status" aria-live="polite" aria-atomic="true"></p> <ul></ul></div>
<form action="/services/wp-json/wp/v2/pages/177#wpcf7-f4-o1" method="post" class="wpcf7-form init" novalidate="novalidate" data-status="init">
<div style="display: none;">
<input type="hidden" name="_wpcf7" value="4" />
<input type="hidden" name="_wpcf7_version" value="5.5.4" />
<input type="hidden" name="_wpcf7_locale" value="de_DE" />
<input type="hidden" name="_wpcf7_unit_tag" value="wpcf7-f4-o1" />
<input type="hidden" name="_wpcf7_container_post" value="0" />
<input type="hidden" name="_wpcf7_posted_data_hash" value="" />
</div>
<p>Betreff: <span class="wpcf7-form-control-wrap menu-213"><select name="menu-213" class="wpcf7-form-control wpcf7-select wpcf7-validates-as-required" aria-required="true" aria-invalid="false"><option value="Termin">Termin</option><option value="Sonstiges">Sonstiges</option></select></span></p>
<p><label> *Name<br />
    <span class="wpcf7-form-control-wrap your-name"><input type="text" name="your-name" value="" size="40" class="wpcf7-form-control wpcf7-text wpcf7-validates-as-required" aria-required="true" aria-invalid="false" /></span> </label></p>
<p><span id="wpcf7-69f380deebb04-wrapper" class="wpcf7-form-control-wrap Vorname-wrap" style="display:none !important; visibility:hidden !important;"><label for="wpcf7-69f380deebb04-field" class="hp-message">Bitte lasse dieses Feld leer.</label><input id="wpcf7-69f380deebb04-field"  class="wpcf7-form-control wpcf7-text" type="text" name="Vorname" value="" size="40" tabindex="-1" autocomplete="off" /></span></p>
<p><label> *E-Mail-Adresse<br />
    <span class="wpcf7-form-control-wrap your-email"><input type="email" name="your-email" value="" size="40" class="wpcf7-form-control wpcf7-text wpcf7-email wpcf7-validates-as-required wpcf7-validates-as-email" aria-required="true" aria-invalid="false" /></span> </label></p>
<p><label> *Nachricht (optional)<br />
    <span class="wpcf7-form-control-wrap your-message"><textarea name="your-message" cols="40" rows="10" class="wpcf7-form-control wpcf7-textarea wpcf7-validates-as-required" aria-required="true" aria-invalid="false"></textarea></span> </label></p>
<div style="background-color: rgba(128,128,128,.05); border: 1px solid rgba(128,128,128,.1); padding: .5em;">
<span class="wpcf7-form-control-wrap accept-this-1"><span class="wpcf7-form-control wpcf7-acceptance"><span class="wpcf7-list-item"><label><input type="checkbox" name="accept-this-1" value="1" aria-invalid="false" /><span class="wpcf7-list-item-label">*Ich willige ein, dass meine Angaben zur Kontaktaufnahme und Zuordnung für eventuelle Rückfragen dauerhaft gespeichert werden (diese Einwilligung können Sie jederzeit durch Nachricht an uns widerrufen - Ihre Daten werden dann umgehend gelöscht). Weitere Informationen finden Sie in der <a target="_blank" href="/datenschutz/">Datenschutzerklärung</a>.</span></label></span></span></span>
</div>
<p><input type="submit" value="Senden" class="wpcf7-form-control has-spinner wpcf7-submit" /></p>
<div class="wpcf7-response-output" aria-hidden="true"></div></form></div>

<p>Wir unterstützen größere und kleine Patientinnen und Patienten dabei, die Funktionalität des Körpers durch ein vielfältiges Angebot an therapeutischen Anwendungen zu therapieren. Gute Behandlungsqualität und unser hochqualifiziertes Personal zeichnen uns aus. Durch Ihre Behandlung möchten wir Ihre körperliche Dynamik und Ihr Wohlbefinden steigern und Ihnen damit wiederum zu mehr Lebensqualität verhelfen. Bei uns dreht sich &hellip; <a href="https://www.physiopraxis-uhingen.de/services/services/physioteaem-adelberg/" class="more-link">Continue reading<span class="screen-reader-text"> &#8222;Physioteam Adelberg Telefon: 07161-37176&#8220;</span></a></p>
