{"id":265,"date":"2023-02-15T17:51:08","date_gmt":"2023-02-15T17:51:08","guid":{"rendered":"https:\/\/www.physiopraxis-uhingen.de\/services\/?page_id=265"},"modified":"2023-02-15T17:51:08","modified_gmt":"2023-02-15T17:51:08","slug":"praexis-physiotheraepie-ebersbach-an-der-fils","status":"publish","type":"page","link":"https:\/\/www.physiopraxis-uhingen.de\/services\/services\/praexis-physiotheraepie-ebersbach-an-der-fils\/","title":{"rendered":"Praxis Physiotherapie Ebersbach an der Fils Telefon: 07161-37176"},"content":{"rendered":"<h2>Wir unterst\u00fctzen gr\u00f6\u00dfere und kleine Menschen dabei, die Funktionalit\u00e4t des K\u00f6rpers durch ein vielf\u00e4ltiges Angebot an therapeutischen Anwendungen zu therapieren.<\/p>\n<\/h2>\n<p> Modernste Therapeutische-Behandlungsmethoden und unser  Behandlungsteam garantiert eine gro\u00dfe Qualit\u00e4t der Behandlung. Wenn wir Sie behandeln m\u00f6chten wir Ihre k\u00f6rperliche Dynamik und Ihr Wohlbefinden erh\u00f6hen und Ihnen dadurch wiederum zu mehr Lebensfreude verhelfen.<\/h2>\n<h2>Physiotherapie ist unser Qualit\u00e4tsspektrum<\/h2>\n<p>Hygiene ist f\u00fcr uns Berufsverst\u00e4ndlich. Ihr Wohlergehen liegt uns sehr am Herzen. Selbstverst\u00e4ndlich befolgen wir die Hygienevorschriften der Landesregierung. Selbstverst\u00e4ndlich steht unsere Praxis auch mit den Gesundheits\u00e4mtern im Landkreis G\u00f6ppingen in engem Kontakt.<\/p>\n<h2>Sie erreichen uns \u00fcber das Telefon oder k\u00f6nnen im Netz einen Termin ausmachen.<\/h2>\n<p>Unser Empfang ist in der Regel zumeist besetzt. Sollten Sie uns einmal nicht \u00fcber das Telefon erreichen, ersuchen wir Sie uns eine Nachricht mit Ihrem Namen wie auch Ihrer Rufnummer auf den Ab auf zu sprechen. Unsere Physiotherapeuten rufen Sie dann prompt zur\u00fcck. Seien Sie so nett und sagen Sie Termine die sie nicht wahrnehmen k\u00f6nnen mindestens 24 Stunden zuvor ab.<\/p>\n<p>Bequeme Kleidung, ein ausreichend gro\u00dfes Handtuch, sowie Sportschuhe sind mitzubringen.<\/p>\n<h2>Unsere Mitarbeiter freuen sich auf Sie<\/h2>\n<p>Sie erreichen uns <strong><span style=\"color: #F79646;\">telefonisch<\/span><\/strong> unter: <strong><span style=\"color: #F79646;\">0 71 61 37 17 6<\/span><\/strong> , per <strong><span style=\"color: #F79646;\">E-Mail<\/span><\/strong> unter: <strong><span style=\"color: #F79646;\">info@kg-kaelberer.de<\/span><\/strong> oder auch \u00fcber das nachstehende <strong><span style=\"color: #F79646;\">Kontakt Formular<\/span><\/strong>.<\/p>\n<h2>Praxis Physiotherapie Termin ausmachen<\/h2>\n<div role=\"form\" class=\"wpcf7\" id=\"wpcf7-f4-o1\" lang=\"de-DE\" dir=\"ltr\">\n<div class=\"screen-reader-response\"><p role=\"status\" aria-live=\"polite\" aria-atomic=\"true\"><\/p> <ul><\/ul><\/div>\n<form action=\"\/services\/wp-json\/wp\/v2\/pages\/265#wpcf7-f4-o1\" method=\"post\" class=\"wpcf7-form init\" novalidate=\"novalidate\" data-status=\"init\">\n<div style=\"display: none;\">\n<input type=\"hidden\" name=\"_wpcf7\" value=\"4\" \/>\n<input type=\"hidden\" name=\"_wpcf7_version\" value=\"5.5.4\" \/>\n<input type=\"hidden\" name=\"_wpcf7_locale\" value=\"de_DE\" \/>\n<input type=\"hidden\" name=\"_wpcf7_unit_tag\" value=\"wpcf7-f4-o1\" \/>\n<input type=\"hidden\" name=\"_wpcf7_container_post\" value=\"0\" \/>\n<input type=\"hidden\" name=\"_wpcf7_posted_data_hash\" value=\"\" \/>\n<\/div>\n<p>Betreff: <span class=\"wpcf7-form-control-wrap menu-213\"><select name=\"menu-213\" class=\"wpcf7-form-control wpcf7-select wpcf7-validates-as-required\" aria-required=\"true\" aria-invalid=\"false\"><option value=\"Termin\">Termin<\/option><option value=\"Sonstiges\">Sonstiges<\/option><\/select><\/span><\/p>\n<p><label> *Name<br \/>\n    <span class=\"wpcf7-form-control-wrap your-name\"><input type=\"text\" name=\"your-name\" value=\"\" size=\"40\" class=\"wpcf7-form-control wpcf7-text wpcf7-validates-as-required\" aria-required=\"true\" aria-invalid=\"false\" \/><\/span> <\/label><\/p>\n<p><span id=\"wpcf7-69f25d37939cd-wrapper\" class=\"wpcf7-form-control-wrap Vorname-wrap\" style=\"display:none !important; visibility:hidden !important;\"><label for=\"wpcf7-69f25d37939cd-field\" class=\"hp-message\">Bitte lasse dieses Feld leer.<\/label><input id=\"wpcf7-69f25d37939cd-field\"  class=\"wpcf7-form-control wpcf7-text\" type=\"text\" name=\"Vorname\" value=\"\" size=\"40\" tabindex=\"-1\" autocomplete=\"off\" \/><\/span><\/p>\n<p><label> *E-Mail-Adresse<br \/>\n    <span class=\"wpcf7-form-control-wrap your-email\"><input type=\"email\" name=\"your-email\" value=\"\" size=\"40\" class=\"wpcf7-form-control wpcf7-text wpcf7-email wpcf7-validates-as-required wpcf7-validates-as-email\" aria-required=\"true\" aria-invalid=\"false\" \/><\/span> <\/label><\/p>\n<p><label> *Nachricht (optional)<br \/>\n    <span class=\"wpcf7-form-control-wrap your-message\"><textarea name=\"your-message\" cols=\"40\" rows=\"10\" class=\"wpcf7-form-control wpcf7-textarea wpcf7-validates-as-required\" aria-required=\"true\" aria-invalid=\"false\"><\/textarea><\/span> <\/label><\/p>\n<div style=\"background-color: rgba(128,128,128,.05); border: 1px solid rgba(128,128,128,.1); padding: .5em;\">\n<span class=\"wpcf7-form-control-wrap accept-this-1\"><span class=\"wpcf7-form-control wpcf7-acceptance\"><span class=\"wpcf7-list-item\"><label><input type=\"checkbox\" name=\"accept-this-1\" value=\"1\" aria-invalid=\"false\" \/><span class=\"wpcf7-list-item-label\">*Ich willige ein, dass meine Angaben zur Kontaktaufnahme und Zuordnung f\u00fcr eventuelle R\u00fcckfragen dauerhaft gespeichert werden (diese Einwilligung k\u00f6nnen Sie jederzeit durch Nachricht an uns widerrufen - Ihre Daten werden dann umgehend gel\u00f6scht). Weitere Informationen finden Sie in der <a target=\"_blank\" href=\"\/datenschutz\/\">Datenschutzerkl\u00e4rung<\/a>.<\/span><\/label><\/span><\/span><\/span>\n<\/div>\n<p><input type=\"submit\" value=\"Senden\" class=\"wpcf7-form-control has-spinner wpcf7-submit\" \/><\/p>\n<div class=\"wpcf7-response-output\" aria-hidden=\"true\"><\/div><\/form><\/div>\n","protected":false},"excerpt":{"rendered":"<p>Wir unterst\u00fctzen gr\u00f6\u00dfere und kleine Menschen dabei, die Funktionalit\u00e4t des K\u00f6rpers durch ein vielf\u00e4ltiges Angebot an therapeutischen Anwendungen zu therapieren. Modernste Therapeutische-Behandlungsmethoden und unser Behandlungsteam garantiert eine gro\u00dfe Qualit\u00e4t der Behandlung. Wenn wir Sie behandeln m\u00f6chten wir Ihre k\u00f6rperliche Dynamik und Ihr Wohlbefinden erh\u00f6hen und Ihnen dadurch wiederum zu mehr Lebensfreude verhelfen. Physiotherapie ist unser &hellip; <a href=\"https:\/\/www.physiopraxis-uhingen.de\/services\/services\/praexis-physiotheraepie-ebersbach-an-der-fils\/\" class=\"more-link\">Continue reading<span class=\"screen-reader-text\"> &#8222;Praxis Physiotherapie Ebersbach an der Fils Telefon: 07161-37176&#8220;<\/span><\/a><\/p>\n","protected":false},"author":2,"featured_media":0,"parent":24,"menu_order":0,"comment_status":"closed","ping_status":"closed","template":"","meta":[],"_links":{"self":[{"href":"https:\/\/www.physiopraxis-uhingen.de\/services\/wp-json\/wp\/v2\/pages\/265"}],"collection":[{"href":"https:\/\/www.physiopraxis-uhingen.de\/services\/wp-json\/wp\/v2\/pages"}],"about":[{"href":"https:\/\/www.physiopraxis-uhingen.de\/services\/wp-json\/wp\/v2\/types\/page"}],"author":[{"embeddable":true,"href":"https:\/\/www.physiopraxis-uhingen.de\/services\/wp-json\/wp\/v2\/users\/2"}],"replies":[{"embeddable":true,"href":"https:\/\/www.physiopraxis-uhingen.de\/services\/wp-json\/wp\/v2\/comments?post=265"}],"version-history":[{"count":0,"href":"https:\/\/www.physiopraxis-uhingen.de\/services\/wp-json\/wp\/v2\/pages\/265\/revisions"}],"up":[{"embeddable":true,"href":"https:\/\/www.physiopraxis-uhingen.de\/services\/wp-json\/wp\/v2\/pages\/24"}],"wp:attachment":[{"href":"https:\/\/www.physiopraxis-uhingen.de\/services\/wp-json\/wp\/v2\/media?parent=265"}],"curies":[{"name":"wp","href":"https:\/\/api.w.org\/{rel}","templated":true}]}}

<h2>Wir unterstützen größere und kleine Menschen dabei, die Funktionalität des Körpers durch ein vielfältiges Angebot an therapeutischen Anwendungen zu therapieren.</p>
</h2>
<p> Modernste Therapeutische-Behandlungsmethoden und unser  Behandlungsteam garantiert eine große Qualität der Behandlung. Wenn wir Sie behandeln möchten wir Ihre körperliche Dynamik und Ihr Wohlbefinden erhöhen und Ihnen dadurch wiederum zu mehr Lebensfreude verhelfen.</h2>
<h2>Physiotherapie ist unser Qualitätsspektrum</h2>
<p>Hygiene ist für uns Berufsverständlich. Ihr Wohlergehen liegt uns sehr am Herzen. Selbstverständlich befolgen wir die Hygienevorschriften der Landesregierung. Selbstverständlich steht unsere Praxis auch mit den Gesundheitsämtern im Landkreis Göppingen in engem Kontakt.</p>
<h2>Sie erreichen uns über das Telefon oder können im Netz einen Termin ausmachen.</h2>
<p>Unser Empfang ist in der Regel zumeist besetzt. Sollten Sie uns einmal nicht über das Telefon erreichen, ersuchen wir Sie uns eine Nachricht mit Ihrem Namen wie auch Ihrer Rufnummer auf den Ab auf zu sprechen. Unsere Physiotherapeuten rufen Sie dann prompt zurück. Seien Sie so nett und sagen Sie Termine die sie nicht wahrnehmen können mindestens 24 Stunden zuvor ab.</p>
<p>Bequeme Kleidung, ein ausreichend großes Handtuch, sowie Sportschuhe sind mitzubringen.</p>
<h2>Unsere Mitarbeiter freuen sich auf Sie</h2>
<p>Sie erreichen uns <strong><span style="color: #F79646;">telefonisch</span></strong> unter: <strong><span style="color: #F79646;">0 71 61 37 17 6</span></strong> , per <strong><span style="color: #F79646;">E-Mail</span></strong> unter: <strong><span style="color: #F79646;">info@kg-kaelberer.de</span></strong> oder auch über das nachstehende <strong><span style="color: #F79646;">Kontakt Formular</span></strong>.</p>
<h2>Praxis Physiotherapie Termin ausmachen</h2>
<div role="form" class="wpcf7" id="wpcf7-f4-o1" lang="de-DE" dir="ltr">
<div class="screen-reader-response"><p role="status" aria-live="polite" aria-atomic="true"></p> <ul></ul></div>
<form action="/services/wp-json/wp/v2/pages/265#wpcf7-f4-o1" method="post" class="wpcf7-form init" novalidate="novalidate" data-status="init">
<div style="display: none;">
<input type="hidden" name="_wpcf7" value="4" />
<input type="hidden" name="_wpcf7_version" value="5.5.4" />
<input type="hidden" name="_wpcf7_locale" value="de_DE" />
<input type="hidden" name="_wpcf7_unit_tag" value="wpcf7-f4-o1" />
<input type="hidden" name="_wpcf7_container_post" value="0" />
<input type="hidden" name="_wpcf7_posted_data_hash" value="" />
</div>
<p>Betreff: <span class="wpcf7-form-control-wrap menu-213"><select name="menu-213" class="wpcf7-form-control wpcf7-select wpcf7-validates-as-required" aria-required="true" aria-invalid="false"><option value="Termin">Termin</option><option value="Sonstiges">Sonstiges</option></select></span></p>
<p><label> *Name<br />
    <span class="wpcf7-form-control-wrap your-name"><input type="text" name="your-name" value="" size="40" class="wpcf7-form-control wpcf7-text wpcf7-validates-as-required" aria-required="true" aria-invalid="false" /></span> </label></p>
<p><span id="wpcf7-69f25d37939cd-wrapper" class="wpcf7-form-control-wrap Vorname-wrap" style="display:none !important; visibility:hidden !important;"><label for="wpcf7-69f25d37939cd-field" class="hp-message">Bitte lasse dieses Feld leer.</label><input id="wpcf7-69f25d37939cd-field"  class="wpcf7-form-control wpcf7-text" type="text" name="Vorname" value="" size="40" tabindex="-1" autocomplete="off" /></span></p>
<p><label> *E-Mail-Adresse<br />
    <span class="wpcf7-form-control-wrap your-email"><input type="email" name="your-email" value="" size="40" class="wpcf7-form-control wpcf7-text wpcf7-email wpcf7-validates-as-required wpcf7-validates-as-email" aria-required="true" aria-invalid="false" /></span> </label></p>
<p><label> *Nachricht (optional)<br />
    <span class="wpcf7-form-control-wrap your-message"><textarea name="your-message" cols="40" rows="10" class="wpcf7-form-control wpcf7-textarea wpcf7-validates-as-required" aria-required="true" aria-invalid="false"></textarea></span> </label></p>
<div style="background-color: rgba(128,128,128,.05); border: 1px solid rgba(128,128,128,.1); padding: .5em;">
<span class="wpcf7-form-control-wrap accept-this-1"><span class="wpcf7-form-control wpcf7-acceptance"><span class="wpcf7-list-item"><label><input type="checkbox" name="accept-this-1" value="1" aria-invalid="false" /><span class="wpcf7-list-item-label">*Ich willige ein, dass meine Angaben zur Kontaktaufnahme und Zuordnung für eventuelle Rückfragen dauerhaft gespeichert werden (diese Einwilligung können Sie jederzeit durch Nachricht an uns widerrufen - Ihre Daten werden dann umgehend gelöscht). Weitere Informationen finden Sie in der <a target="_blank" href="/datenschutz/">Datenschutzerklärung</a>.</span></label></span></span></span>
</div>
<p><input type="submit" value="Senden" class="wpcf7-form-control has-spinner wpcf7-submit" /></p>
<div class="wpcf7-response-output" aria-hidden="true"></div></form></div>

<p>Wir unterstützen größere und kleine Menschen dabei, die Funktionalität des Körpers durch ein vielfältiges Angebot an therapeutischen Anwendungen zu therapieren. Modernste Therapeutische-Behandlungsmethoden und unser Behandlungsteam garantiert eine große Qualität der Behandlung. Wenn wir Sie behandeln möchten wir Ihre körperliche Dynamik und Ihr Wohlbefinden erhöhen und Ihnen dadurch wiederum zu mehr Lebensfreude verhelfen. Physiotherapie ist unser &hellip; <a href="https://www.physiopraxis-uhingen.de/services/services/praexis-physiotheraepie-ebersbach-an-der-fils/" class="more-link">Continue reading<span class="screen-reader-text"> &#8222;Praxis Physiotherapie Ebersbach an der Fils Telefon: 07161-37176&#8220;</span></a></p>
