{"id":373,"date":"2022-03-28T17:22:10","date_gmt":"2022-03-28T17:22:10","guid":{"rendered":"https:\/\/www.physiopraxis-uhingen.de\/services\/?page_id=373"},"modified":"2022-03-28T17:22:10","modified_gmt":"2022-03-28T17:22:10","slug":"elektrotheraepie-physiotheraepie-faurndau","status":"publish","type":"page","link":"https:\/\/www.physiopraxis-uhingen.de\/services\/services\/elektrotheraepie-physiotheraepie-faurndau\/","title":{"rendered":"Elektrotherapie Physiotherapie Faurndau Telefon: 07161-37176"},"content":{"rendered":"<h2>Unsere Praxis unterst\u00fctzt gro\u00dfe und kleine Patientinnen und Patienten dabei, die Funktionalit\u00e4t Ihres K\u00f6rpers mit einem vielf\u00e4ltigen Angebot an physiotherapeutischen Anwendungen zu therapieren.<\/p>\n<\/h2>\n<p> Moderne Behandlungsmethoden und unser  Team gew\u00e4hrleistet eine hohe Qualit\u00e4t der Behandlung. Durch Ihre Behandlung m\u00f6chten wir Ihre physische Flexibilit\u00e4t und Ihr Wohlbefinden steigern und Ihnen damit wieder zu mehr Lebensfreude verhelfen.<\/h2>\n<h2>In unserer Praxis dreht sich alles um die Physiotherapie<\/h2>\n<p>In unseren einladenden und modern ausgestatteten Praxisr\u00e4umen im Ortszentrum von Uhingen k\u00fcmmern wir uns gerne um Sie. Unsere Mitarbeiter sind anerkannte Physiotherapeuten, die Sie in guter Umgebung engagiert und individuell unterst\u00fctzen. Ganzheitliches Denken f\u00fchrt in einer Therapie meistens zum Erfolg. Unser Personal freut sich stets sehr \u00fcber die vielen guten Feedbacks. Sehen Sie sich in Ruhe auf unser Homepage um, wir freuen uns auf Ihr Feedback aus Faurndau.<\/p>\n<h2>Sie erreichen uns telefonisch oder k\u00f6nnen im Internet Termine vereinbaren.<\/h2>\n<p>Unsere Rezeption ist gew\u00f6hnlich meistens besetzt. K\u00f6nnen Sie uns einmal nicht \u00fcber das Telefon erreichen, bitten wir Sie uns eine Information mit Ihrem Namen sowie Ihrer Telefonnummer auf unseren Anrufbeantworter auf zu sprechen. Unsere Therapeuten rufen Sie dann prompt zur\u00fcck. K\u00f6nnen Sie einen Termin nicht wahrnehmen, sollten Sie uns bitte 24 Stunden vorher absagen, dadurch k\u00f6nnen wir unseren Terminplan darauf einstellen. Sie erm\u00f6glichen mit Ihrer Absage vielen anderen Patienten einen fr\u00fcheren Termin zu erhalten.<\/p>\n<p>Bitte bringen Sie zu einem ersten Praxistermin Ihr Rezept, die Versichertenkarte und, Ihren aktuellen Befund mit.<\/p>\n<h2>Wir freuen uns auf Sie<\/h2>\n<p>Sie erreichen uns <strong><span style=\"color: #F79646;\">per Telefon<\/span><\/strong> unter: <strong><span style=\"color: #F79646;\">0 71 61 37 17 6<\/span><\/strong> , per <strong><span style=\"color: #F79646;\">E-Mail<\/span><\/strong> unter: <strong><span style=\"color: #F79646;\">info@kg-kaelberer.de<\/span><\/strong> oder \u00fcber das anschlie\u00dfende <strong><span style=\"color: #F79646;\">Kontaktformular<\/span><\/strong>.<\/p>\n<h2>Elektrotherapie Physiotherapie Termin bestellen<\/h2>\n<div role=\"form\" class=\"wpcf7\" id=\"wpcf7-f4-o1\" lang=\"de-DE\" dir=\"ltr\">\n<div class=\"screen-reader-response\"><p role=\"status\" aria-live=\"polite\" aria-atomic=\"true\"><\/p> <ul><\/ul><\/div>\n<form action=\"\/services\/wp-json\/wp\/v2\/pages\/373#wpcf7-f4-o1\" method=\"post\" class=\"wpcf7-form init\" novalidate=\"novalidate\" data-status=\"init\">\n<div style=\"display: none;\">\n<input type=\"hidden\" name=\"_wpcf7\" value=\"4\" \/>\n<input type=\"hidden\" name=\"_wpcf7_version\" value=\"5.5.4\" \/>\n<input type=\"hidden\" name=\"_wpcf7_locale\" value=\"de_DE\" \/>\n<input type=\"hidden\" name=\"_wpcf7_unit_tag\" value=\"wpcf7-f4-o1\" \/>\n<input type=\"hidden\" name=\"_wpcf7_container_post\" value=\"0\" \/>\n<input type=\"hidden\" name=\"_wpcf7_posted_data_hash\" value=\"\" \/>\n<\/div>\n<p>Betreff: <span class=\"wpcf7-form-control-wrap menu-213\"><select name=\"menu-213\" class=\"wpcf7-form-control wpcf7-select wpcf7-validates-as-required\" aria-required=\"true\" aria-invalid=\"false\"><option value=\"Termin\">Termin<\/option><option value=\"Sonstiges\">Sonstiges<\/option><\/select><\/span><\/p>\n<p><label> *Name<br \/>\n    <span class=\"wpcf7-form-control-wrap your-name\"><input type=\"text\" name=\"your-name\" value=\"\" size=\"40\" class=\"wpcf7-form-control wpcf7-text wpcf7-validates-as-required\" aria-required=\"true\" aria-invalid=\"false\" \/><\/span> <\/label><\/p>\n<p><span id=\"wpcf7-69f2bdc97bdcc-wrapper\" class=\"wpcf7-form-control-wrap Vorname-wrap\" style=\"display:none !important; visibility:hidden !important;\"><label for=\"wpcf7-69f2bdc97bdcc-field\" class=\"hp-message\">Bitte lasse dieses Feld leer.<\/label><input id=\"wpcf7-69f2bdc97bdcc-field\"  class=\"wpcf7-form-control wpcf7-text\" type=\"text\" name=\"Vorname\" value=\"\" size=\"40\" tabindex=\"-1\" autocomplete=\"off\" \/><\/span><\/p>\n<p><label> *E-Mail-Adresse<br \/>\n    <span class=\"wpcf7-form-control-wrap your-email\"><input type=\"email\" name=\"your-email\" value=\"\" size=\"40\" class=\"wpcf7-form-control wpcf7-text wpcf7-email wpcf7-validates-as-required wpcf7-validates-as-email\" aria-required=\"true\" aria-invalid=\"false\" \/><\/span> <\/label><\/p>\n<p><label> *Nachricht (optional)<br \/>\n    <span class=\"wpcf7-form-control-wrap your-message\"><textarea name=\"your-message\" cols=\"40\" rows=\"10\" class=\"wpcf7-form-control wpcf7-textarea wpcf7-validates-as-required\" aria-required=\"true\" aria-invalid=\"false\"><\/textarea><\/span> <\/label><\/p>\n<div style=\"background-color: rgba(128,128,128,.05); border: 1px solid rgba(128,128,128,.1); padding: .5em;\">\n<span class=\"wpcf7-form-control-wrap accept-this-1\"><span class=\"wpcf7-form-control wpcf7-acceptance\"><span class=\"wpcf7-list-item\"><label><input type=\"checkbox\" name=\"accept-this-1\" value=\"1\" aria-invalid=\"false\" \/><span class=\"wpcf7-list-item-label\">*Ich willige ein, dass meine Angaben zur Kontaktaufnahme und Zuordnung f\u00fcr eventuelle R\u00fcckfragen dauerhaft gespeichert werden (diese Einwilligung k\u00f6nnen Sie jederzeit durch Nachricht an uns widerrufen - Ihre Daten werden dann umgehend gel\u00f6scht). Weitere Informationen finden Sie in der <a target=\"_blank\" href=\"\/datenschutz\/\">Datenschutzerkl\u00e4rung<\/a>.<\/span><\/label><\/span><\/span><\/span>\n<\/div>\n<p><input type=\"submit\" value=\"Senden\" class=\"wpcf7-form-control has-spinner wpcf7-submit\" \/><\/p>\n<div class=\"wpcf7-response-output\" aria-hidden=\"true\"><\/div><\/form><\/div>\n","protected":false},"excerpt":{"rendered":"<p>Unsere Praxis unterst\u00fctzt gro\u00dfe und kleine Patientinnen und Patienten dabei, die Funktionalit\u00e4t Ihres K\u00f6rpers mit einem vielf\u00e4ltigen Angebot an physiotherapeutischen Anwendungen zu therapieren. Moderne Behandlungsmethoden und unser Team gew\u00e4hrleistet eine hohe Qualit\u00e4t der Behandlung. Durch Ihre Behandlung m\u00f6chten wir Ihre physische Flexibilit\u00e4t und Ihr Wohlbefinden steigern und Ihnen damit wieder zu mehr Lebensfreude verhelfen. In &hellip; <a href=\"https:\/\/www.physiopraxis-uhingen.de\/services\/services\/elektrotheraepie-physiotheraepie-faurndau\/\" class=\"more-link\">Continue reading<span class=\"screen-reader-text\"> &#8222;Elektrotherapie Physiotherapie Faurndau Telefon: 07161-37176&#8220;<\/span><\/a><\/p>\n","protected":false},"author":2,"featured_media":374,"parent":24,"menu_order":0,"comment_status":"closed","ping_status":"closed","template":"","meta":[],"_links":{"self":[{"href":"https:\/\/www.physiopraxis-uhingen.de\/services\/wp-json\/wp\/v2\/pages\/373"}],"collection":[{"href":"https:\/\/www.physiopraxis-uhingen.de\/services\/wp-json\/wp\/v2\/pages"}],"about":[{"href":"https:\/\/www.physiopraxis-uhingen.de\/services\/wp-json\/wp\/v2\/types\/page"}],"author":[{"embeddable":true,"href":"https:\/\/www.physiopraxis-uhingen.de\/services\/wp-json\/wp\/v2\/users\/2"}],"replies":[{"embeddable":true,"href":"https:\/\/www.physiopraxis-uhingen.de\/services\/wp-json\/wp\/v2\/comments?post=373"}],"version-history":[{"count":0,"href":"https:\/\/www.physiopraxis-uhingen.de\/services\/wp-json\/wp\/v2\/pages\/373\/revisions"}],"up":[{"embeddable":true,"href":"https:\/\/www.physiopraxis-uhingen.de\/services\/wp-json\/wp\/v2\/pages\/24"}],"wp:featuredmedia":[{"embeddable":true,"href":"https:\/\/www.physiopraxis-uhingen.de\/services\/wp-json\/wp\/v2\/media\/374"}],"wp:attachment":[{"href":"https:\/\/www.physiopraxis-uhingen.de\/services\/wp-json\/wp\/v2\/media?parent=373"}],"curies":[{"name":"wp","href":"https:\/\/api.w.org\/{rel}","templated":true}]}}

<h2>Unsere Praxis unterstützt große und kleine Patientinnen und Patienten dabei, die Funktionalität Ihres Körpers mit einem vielfältigen Angebot an physiotherapeutischen Anwendungen zu therapieren.</p>
</h2>
<p> Moderne Behandlungsmethoden und unser  Team gewährleistet eine hohe Qualität der Behandlung. Durch Ihre Behandlung möchten wir Ihre physische Flexibilität und Ihr Wohlbefinden steigern und Ihnen damit wieder zu mehr Lebensfreude verhelfen.</h2>
<h2>In unserer Praxis dreht sich alles um die Physiotherapie</h2>
<p>In unseren einladenden und modern ausgestatteten Praxisräumen im Ortszentrum von Uhingen kümmern wir uns gerne um Sie. Unsere Mitarbeiter sind anerkannte Physiotherapeuten, die Sie in guter Umgebung engagiert und individuell unterstützen. Ganzheitliches Denken führt in einer Therapie meistens zum Erfolg. Unser Personal freut sich stets sehr über die vielen guten Feedbacks. Sehen Sie sich in Ruhe auf unser Homepage um, wir freuen uns auf Ihr Feedback aus Faurndau.</p>
<h2>Sie erreichen uns telefonisch oder können im Internet Termine vereinbaren.</h2>
<p>Unsere Rezeption ist gewöhnlich meistens besetzt. Können Sie uns einmal nicht über das Telefon erreichen, bitten wir Sie uns eine Information mit Ihrem Namen sowie Ihrer Telefonnummer auf unseren Anrufbeantworter auf zu sprechen. Unsere Therapeuten rufen Sie dann prompt zurück. Können Sie einen Termin nicht wahrnehmen, sollten Sie uns bitte 24 Stunden vorher absagen, dadurch können wir unseren Terminplan darauf einstellen. Sie ermöglichen mit Ihrer Absage vielen anderen Patienten einen früheren Termin zu erhalten.</p>
<p>Bitte bringen Sie zu einem ersten Praxistermin Ihr Rezept, die Versichertenkarte und, Ihren aktuellen Befund mit.</p>
<h2>Wir freuen uns auf Sie</h2>
<p>Sie erreichen uns <strong><span style="color: #F79646;">per Telefon</span></strong> unter: <strong><span style="color: #F79646;">0 71 61 37 17 6</span></strong> , per <strong><span style="color: #F79646;">E-Mail</span></strong> unter: <strong><span style="color: #F79646;">info@kg-kaelberer.de</span></strong> oder über das anschließende <strong><span style="color: #F79646;">Kontaktformular</span></strong>.</p>
<h2>Elektrotherapie Physiotherapie Termin bestellen</h2>
<div role="form" class="wpcf7" id="wpcf7-f4-o1" lang="de-DE" dir="ltr">
<div class="screen-reader-response"><p role="status" aria-live="polite" aria-atomic="true"></p> <ul></ul></div>
<form action="/services/wp-json/wp/v2/pages/373#wpcf7-f4-o1" method="post" class="wpcf7-form init" novalidate="novalidate" data-status="init">
<div style="display: none;">
<input type="hidden" name="_wpcf7" value="4" />
<input type="hidden" name="_wpcf7_version" value="5.5.4" />
<input type="hidden" name="_wpcf7_locale" value="de_DE" />
<input type="hidden" name="_wpcf7_unit_tag" value="wpcf7-f4-o1" />
<input type="hidden" name="_wpcf7_container_post" value="0" />
<input type="hidden" name="_wpcf7_posted_data_hash" value="" />
</div>
<p>Betreff: <span class="wpcf7-form-control-wrap menu-213"><select name="menu-213" class="wpcf7-form-control wpcf7-select wpcf7-validates-as-required" aria-required="true" aria-invalid="false"><option value="Termin">Termin</option><option value="Sonstiges">Sonstiges</option></select></span></p>
<p><label> *Name<br />
    <span class="wpcf7-form-control-wrap your-name"><input type="text" name="your-name" value="" size="40" class="wpcf7-form-control wpcf7-text wpcf7-validates-as-required" aria-required="true" aria-invalid="false" /></span> </label></p>
<p><span id="wpcf7-69f2bdc97bdcc-wrapper" class="wpcf7-form-control-wrap Vorname-wrap" style="display:none !important; visibility:hidden !important;"><label for="wpcf7-69f2bdc97bdcc-field" class="hp-message">Bitte lasse dieses Feld leer.</label><input id="wpcf7-69f2bdc97bdcc-field"  class="wpcf7-form-control wpcf7-text" type="text" name="Vorname" value="" size="40" tabindex="-1" autocomplete="off" /></span></p>
<p><label> *E-Mail-Adresse<br />
    <span class="wpcf7-form-control-wrap your-email"><input type="email" name="your-email" value="" size="40" class="wpcf7-form-control wpcf7-text wpcf7-email wpcf7-validates-as-required wpcf7-validates-as-email" aria-required="true" aria-invalid="false" /></span> </label></p>
<p><label> *Nachricht (optional)<br />
    <span class="wpcf7-form-control-wrap your-message"><textarea name="your-message" cols="40" rows="10" class="wpcf7-form-control wpcf7-textarea wpcf7-validates-as-required" aria-required="true" aria-invalid="false"></textarea></span> </label></p>
<div style="background-color: rgba(128,128,128,.05); border: 1px solid rgba(128,128,128,.1); padding: .5em;">
<span class="wpcf7-form-control-wrap accept-this-1"><span class="wpcf7-form-control wpcf7-acceptance"><span class="wpcf7-list-item"><label><input type="checkbox" name="accept-this-1" value="1" aria-invalid="false" /><span class="wpcf7-list-item-label">*Ich willige ein, dass meine Angaben zur Kontaktaufnahme und Zuordnung für eventuelle Rückfragen dauerhaft gespeichert werden (diese Einwilligung können Sie jederzeit durch Nachricht an uns widerrufen - Ihre Daten werden dann umgehend gelöscht). Weitere Informationen finden Sie in der <a target="_blank" href="/datenschutz/">Datenschutzerklärung</a>.</span></label></span></span></span>
</div>
<p><input type="submit" value="Senden" class="wpcf7-form-control has-spinner wpcf7-submit" /></p>
<div class="wpcf7-response-output" aria-hidden="true"></div></form></div>

<p>Unsere Praxis unterstützt große und kleine Patientinnen und Patienten dabei, die Funktionalität Ihres Körpers mit einem vielfältigen Angebot an physiotherapeutischen Anwendungen zu therapieren. Moderne Behandlungsmethoden und unser Team gewährleistet eine hohe Qualität der Behandlung. Durch Ihre Behandlung möchten wir Ihre physische Flexibilität und Ihr Wohlbefinden steigern und Ihnen damit wieder zu mehr Lebensfreude verhelfen. In &hellip; <a href="https://www.physiopraxis-uhingen.de/services/services/elektrotheraepie-physiotheraepie-faurndau/" class="more-link">Continue reading<span class="screen-reader-text"> &#8222;Elektrotherapie Physiotherapie Faurndau Telefon: 07161-37176&#8220;</span></a></p>
