{"id":520,"date":"2022-07-15T09:28:33","date_gmt":"2022-07-15T09:28:33","guid":{"rendered":"https:\/\/www.physiopraxis-uhingen.de\/services\/?page_id=520"},"modified":"2022-07-15T09:28:33","modified_gmt":"2022-07-15T09:28:33","slug":"kraenkengymnaestik-haeuesbesuech-adelberg","status":"publish","type":"page","link":"https:\/\/www.physiopraxis-uhingen.de\/services\/services\/kraenkengymnaestik-haeuesbesuech-adelberg\/","title":{"rendered":"krankengymnastik hausbesuch Adelberg Tel.: 07161-37176"},"content":{"rendered":"<h2>Unsere Praxis unterst\u00fctzt gro\u00dfe und kleine Patienten dabei, die Funktionalit\u00e4t des K\u00f6rpers durch ein vielf\u00e4ltiges Angebot an physiotherapeutischen Anwendungen wiederherzustellen.<\/p>\n<\/h2>\n<p> Gute Qualit\u00e4t der Behandlung und unser hochqualifiziertes Personal zeichnen uns aus. Wenn wir Sie behandeln wollen wir Ihre k\u00f6rperliche Flexibilit\u00e4t und Ihr Wohlbefinden verbessern und Ihnen dadurch wiederum zu mehr Lebensqualit\u00e4t verhelfen.<\/h2>\n<h2>Bei uns dreht sich alles um Ihre Gesundheit<\/h2>\n<p>In unseren einladenden und modern ausgestatteten Praxisr\u00e4umen im Zentrum von Uhingen k\u00fcmmern wir uns gerne um Sie. Unsere Mitarbeiter sind anerkannte Physiotherapeuten, die Sie in guter Umgebung motiviert und individuell unterst\u00fctzen. Es ist unsere \u00dcberzeugung, dass nur ein ganzheitliches Denken die Therapie zum Erfolg f\u00fchrt. Gl\u00fccklicherweise best\u00e4tigen uns die Feedbacks unserer Patienten, dass wir auf dem richtigen Weg sind. Besuchen Sie uns in unserer Uhinger Praxis, wir freuen uns auf Sie &#8211; gerne sind wir f\u00fcr Patienten aus Adelberg da.<\/p>\n<h2>Sie erreichen uns \u00fcber das Telefon oder k\u00f6nnen im Netz Termine vereinbaren.<\/h2>\n<p>Unsere Rezeption ist in der Regel meistens besetzt. Sollten Sie uns einmal nicht \u00fcber das Telefon erreichen, ersuchen wir Sie uns eine Nachricht mit Ihrem Namen wie auch Ihrer Rufnummer auf unseren Ab zu sprechen. Wir rufen Sie dann bei n\u00e4chster Gelegenheit zur\u00fcck. Bitte sagen Sie Termine die sie nicht wahrnehmen k\u00f6nnen sp\u00e4testens 24 Stunden vorher ab.<\/p>\n<p>Bringen Sie zu unserem ersten Termin Ihr Rezept, die Versicherungskartee und wenn Sie haben, Ihren gegenw\u00e4rtigen Befund mit.<\/p>\n<h2>Wir freuen uns auf Sie<\/h2>\n<p>Sie erreichen uns \u00fcber <strong><span style=\"color: #F79646;\">das Telefon<\/span><\/strong> unter: <strong><span style=\"color: #F79646;\">0 71 61 37 17 6<\/span><\/strong> , per <strong><span style=\"color: #F79646;\">E-Mail<\/span><\/strong> unter: <strong><span style=\"color: #F79646;\">info@kg-kaelberer.de<\/span><\/strong> oder auch \u00fcber das anschlie\u00dfende <strong><span style=\"color: #F79646;\">Kontaktformular<\/span><\/strong>.<\/p>\n<h2>krankengymnastik hausbesuch Termin ausmachen<\/h2>\n<div role=\"form\" class=\"wpcf7\" id=\"wpcf7-f4-o1\" lang=\"de-DE\" dir=\"ltr\">\n<div class=\"screen-reader-response\"><p role=\"status\" aria-live=\"polite\" aria-atomic=\"true\"><\/p> <ul><\/ul><\/div>\n<form action=\"\/services\/wp-json\/wp\/v2\/pages\/520#wpcf7-f4-o1\" method=\"post\" class=\"wpcf7-form init\" novalidate=\"novalidate\" data-status=\"init\">\n<div style=\"display: none;\">\n<input type=\"hidden\" name=\"_wpcf7\" value=\"4\" \/>\n<input type=\"hidden\" name=\"_wpcf7_version\" value=\"5.5.4\" \/>\n<input type=\"hidden\" name=\"_wpcf7_locale\" value=\"de_DE\" \/>\n<input type=\"hidden\" name=\"_wpcf7_unit_tag\" value=\"wpcf7-f4-o1\" \/>\n<input type=\"hidden\" name=\"_wpcf7_container_post\" value=\"0\" \/>\n<input type=\"hidden\" name=\"_wpcf7_posted_data_hash\" value=\"\" \/>\n<\/div>\n<p>Betreff: <span class=\"wpcf7-form-control-wrap menu-213\"><select name=\"menu-213\" class=\"wpcf7-form-control wpcf7-select wpcf7-validates-as-required\" aria-required=\"true\" aria-invalid=\"false\"><option value=\"Termin\">Termin<\/option><option value=\"Sonstiges\">Sonstiges<\/option><\/select><\/span><\/p>\n<p><label> *Name<br \/>\n    <span class=\"wpcf7-form-control-wrap your-name\"><input type=\"text\" name=\"your-name\" value=\"\" size=\"40\" class=\"wpcf7-form-control wpcf7-text wpcf7-validates-as-required\" aria-required=\"true\" aria-invalid=\"false\" \/><\/span> <\/label><\/p>\n<p><span id=\"wpcf7-69f3e9e393c02-wrapper\" class=\"wpcf7-form-control-wrap Vorname-wrap\" style=\"display:none !important; visibility:hidden !important;\"><label for=\"wpcf7-69f3e9e393c02-field\" class=\"hp-message\">Bitte lasse dieses Feld leer.<\/label><input id=\"wpcf7-69f3e9e393c02-field\"  class=\"wpcf7-form-control wpcf7-text\" type=\"text\" name=\"Vorname\" value=\"\" size=\"40\" tabindex=\"-1\" autocomplete=\"off\" \/><\/span><\/p>\n<p><label> *E-Mail-Adresse<br \/>\n    <span class=\"wpcf7-form-control-wrap your-email\"><input type=\"email\" name=\"your-email\" value=\"\" size=\"40\" class=\"wpcf7-form-control wpcf7-text wpcf7-email wpcf7-validates-as-required wpcf7-validates-as-email\" aria-required=\"true\" aria-invalid=\"false\" \/><\/span> <\/label><\/p>\n<p><label> *Nachricht (optional)<br \/>\n    <span class=\"wpcf7-form-control-wrap your-message\"><textarea name=\"your-message\" cols=\"40\" rows=\"10\" class=\"wpcf7-form-control wpcf7-textarea wpcf7-validates-as-required\" aria-required=\"true\" aria-invalid=\"false\"><\/textarea><\/span> <\/label><\/p>\n<div style=\"background-color: rgba(128,128,128,.05); border: 1px solid rgba(128,128,128,.1); padding: .5em;\">\n<span class=\"wpcf7-form-control-wrap accept-this-1\"><span class=\"wpcf7-form-control wpcf7-acceptance\"><span class=\"wpcf7-list-item\"><label><input type=\"checkbox\" name=\"accept-this-1\" value=\"1\" aria-invalid=\"false\" \/><span class=\"wpcf7-list-item-label\">*Ich willige ein, dass meine Angaben zur Kontaktaufnahme und Zuordnung f\u00fcr eventuelle R\u00fcckfragen dauerhaft gespeichert werden (diese Einwilligung k\u00f6nnen Sie jederzeit durch Nachricht an uns widerrufen - Ihre Daten werden dann umgehend gel\u00f6scht). Weitere Informationen finden Sie in der <a target=\"_blank\" href=\"\/datenschutz\/\">Datenschutzerkl\u00e4rung<\/a>.<\/span><\/label><\/span><\/span><\/span>\n<\/div>\n<p><input type=\"submit\" value=\"Senden\" class=\"wpcf7-form-control has-spinner wpcf7-submit\" \/><\/p>\n<div class=\"wpcf7-response-output\" aria-hidden=\"true\"><\/div><\/form><\/div>\n","protected":false},"excerpt":{"rendered":"<p>Unsere Praxis unterst\u00fctzt gro\u00dfe und kleine Patienten dabei, die Funktionalit\u00e4t des K\u00f6rpers durch ein vielf\u00e4ltiges Angebot an physiotherapeutischen Anwendungen wiederherzustellen. Gute Qualit\u00e4t der Behandlung und unser hochqualifiziertes Personal zeichnen uns aus. Wenn wir Sie behandeln wollen wir Ihre k\u00f6rperliche Flexibilit\u00e4t und Ihr Wohlbefinden verbessern und Ihnen dadurch wiederum zu mehr Lebensqualit\u00e4t verhelfen. Bei uns dreht &hellip; <a href=\"https:\/\/www.physiopraxis-uhingen.de\/services\/services\/kraenkengymnaestik-haeuesbesuech-adelberg\/\" class=\"more-link\">Continue reading<span class=\"screen-reader-text\"> &#8222;krankengymnastik hausbesuch Adelberg Tel.: 07161-37176&#8220;<\/span><\/a><\/p>\n","protected":false},"author":2,"featured_media":521,"parent":24,"menu_order":0,"comment_status":"closed","ping_status":"closed","template":"","meta":[],"_links":{"self":[{"href":"https:\/\/www.physiopraxis-uhingen.de\/services\/wp-json\/wp\/v2\/pages\/520"}],"collection":[{"href":"https:\/\/www.physiopraxis-uhingen.de\/services\/wp-json\/wp\/v2\/pages"}],"about":[{"href":"https:\/\/www.physiopraxis-uhingen.de\/services\/wp-json\/wp\/v2\/types\/page"}],"author":[{"embeddable":true,"href":"https:\/\/www.physiopraxis-uhingen.de\/services\/wp-json\/wp\/v2\/users\/2"}],"replies":[{"embeddable":true,"href":"https:\/\/www.physiopraxis-uhingen.de\/services\/wp-json\/wp\/v2\/comments?post=520"}],"version-history":[{"count":0,"href":"https:\/\/www.physiopraxis-uhingen.de\/services\/wp-json\/wp\/v2\/pages\/520\/revisions"}],"up":[{"embeddable":true,"href":"https:\/\/www.physiopraxis-uhingen.de\/services\/wp-json\/wp\/v2\/pages\/24"}],"wp:featuredmedia":[{"embeddable":true,"href":"https:\/\/www.physiopraxis-uhingen.de\/services\/wp-json\/wp\/v2\/media\/521"}],"wp:attachment":[{"href":"https:\/\/www.physiopraxis-uhingen.de\/services\/wp-json\/wp\/v2\/media?parent=520"}],"curies":[{"name":"wp","href":"https:\/\/api.w.org\/{rel}","templated":true}]}}

<h2>Unsere Praxis unterstützt große und kleine Patienten dabei, die Funktionalität des Körpers durch ein vielfältiges Angebot an physiotherapeutischen Anwendungen wiederherzustellen.</p>
</h2>
<p> Gute Qualität der Behandlung und unser hochqualifiziertes Personal zeichnen uns aus. Wenn wir Sie behandeln wollen wir Ihre körperliche Flexibilität und Ihr Wohlbefinden verbessern und Ihnen dadurch wiederum zu mehr Lebensqualität verhelfen.</h2>
<h2>Bei uns dreht sich alles um Ihre Gesundheit</h2>
<p>In unseren einladenden und modern ausgestatteten Praxisräumen im Zentrum von Uhingen kümmern wir uns gerne um Sie. Unsere Mitarbeiter sind anerkannte Physiotherapeuten, die Sie in guter Umgebung motiviert und individuell unterstützen. Es ist unsere Überzeugung, dass nur ein ganzheitliches Denken die Therapie zum Erfolg führt. Glücklicherweise bestätigen uns die Feedbacks unserer Patienten, dass wir auf dem richtigen Weg sind. Besuchen Sie uns in unserer Uhinger Praxis, wir freuen uns auf Sie &#8211; gerne sind wir für Patienten aus Adelberg da.</p>
<h2>Sie erreichen uns über das Telefon oder können im Netz Termine vereinbaren.</h2>
<p>Unsere Rezeption ist in der Regel meistens besetzt. Sollten Sie uns einmal nicht über das Telefon erreichen, ersuchen wir Sie uns eine Nachricht mit Ihrem Namen wie auch Ihrer Rufnummer auf unseren Ab zu sprechen. Wir rufen Sie dann bei nächster Gelegenheit zurück. Bitte sagen Sie Termine die sie nicht wahrnehmen können spätestens 24 Stunden vorher ab.</p>
<p>Bringen Sie zu unserem ersten Termin Ihr Rezept, die Versicherungskartee und wenn Sie haben, Ihren gegenwärtigen Befund mit.</p>
<h2>Wir freuen uns auf Sie</h2>
<p>Sie erreichen uns über <strong><span style="color: #F79646;">das Telefon</span></strong> unter: <strong><span style="color: #F79646;">0 71 61 37 17 6</span></strong> , per <strong><span style="color: #F79646;">E-Mail</span></strong> unter: <strong><span style="color: #F79646;">info@kg-kaelberer.de</span></strong> oder auch über das anschließende <strong><span style="color: #F79646;">Kontaktformular</span></strong>.</p>
<h2>krankengymnastik hausbesuch Termin ausmachen</h2>
<div role="form" class="wpcf7" id="wpcf7-f4-o1" lang="de-DE" dir="ltr">
<div class="screen-reader-response"><p role="status" aria-live="polite" aria-atomic="true"></p> <ul></ul></div>
<form action="/services/wp-json/wp/v2/pages/520#wpcf7-f4-o1" method="post" class="wpcf7-form init" novalidate="novalidate" data-status="init">
<div style="display: none;">
<input type="hidden" name="_wpcf7" value="4" />
<input type="hidden" name="_wpcf7_version" value="5.5.4" />
<input type="hidden" name="_wpcf7_locale" value="de_DE" />
<input type="hidden" name="_wpcf7_unit_tag" value="wpcf7-f4-o1" />
<input type="hidden" name="_wpcf7_container_post" value="0" />
<input type="hidden" name="_wpcf7_posted_data_hash" value="" />
</div>
<p>Betreff: <span class="wpcf7-form-control-wrap menu-213"><select name="menu-213" class="wpcf7-form-control wpcf7-select wpcf7-validates-as-required" aria-required="true" aria-invalid="false"><option value="Termin">Termin</option><option value="Sonstiges">Sonstiges</option></select></span></p>
<p><label> *Name<br />
    <span class="wpcf7-form-control-wrap your-name"><input type="text" name="your-name" value="" size="40" class="wpcf7-form-control wpcf7-text wpcf7-validates-as-required" aria-required="true" aria-invalid="false" /></span> </label></p>
<p><span id="wpcf7-69f3e9e393c02-wrapper" class="wpcf7-form-control-wrap Vorname-wrap" style="display:none !important; visibility:hidden !important;"><label for="wpcf7-69f3e9e393c02-field" class="hp-message">Bitte lasse dieses Feld leer.</label><input id="wpcf7-69f3e9e393c02-field"  class="wpcf7-form-control wpcf7-text" type="text" name="Vorname" value="" size="40" tabindex="-1" autocomplete="off" /></span></p>
<p><label> *E-Mail-Adresse<br />
    <span class="wpcf7-form-control-wrap your-email"><input type="email" name="your-email" value="" size="40" class="wpcf7-form-control wpcf7-text wpcf7-email wpcf7-validates-as-required wpcf7-validates-as-email" aria-required="true" aria-invalid="false" /></span> </label></p>
<p><label> *Nachricht (optional)<br />
    <span class="wpcf7-form-control-wrap your-message"><textarea name="your-message" cols="40" rows="10" class="wpcf7-form-control wpcf7-textarea wpcf7-validates-as-required" aria-required="true" aria-invalid="false"></textarea></span> </label></p>
<div style="background-color: rgba(128,128,128,.05); border: 1px solid rgba(128,128,128,.1); padding: .5em;">
<span class="wpcf7-form-control-wrap accept-this-1"><span class="wpcf7-form-control wpcf7-acceptance"><span class="wpcf7-list-item"><label><input type="checkbox" name="accept-this-1" value="1" aria-invalid="false" /><span class="wpcf7-list-item-label">*Ich willige ein, dass meine Angaben zur Kontaktaufnahme und Zuordnung für eventuelle Rückfragen dauerhaft gespeichert werden (diese Einwilligung können Sie jederzeit durch Nachricht an uns widerrufen - Ihre Daten werden dann umgehend gelöscht). Weitere Informationen finden Sie in der <a target="_blank" href="/datenschutz/">Datenschutzerklärung</a>.</span></label></span></span></span>
</div>
<p><input type="submit" value="Senden" class="wpcf7-form-control has-spinner wpcf7-submit" /></p>
<div class="wpcf7-response-output" aria-hidden="true"></div></form></div>

<p>Unsere Praxis unterstützt große und kleine Patienten dabei, die Funktionalität des Körpers durch ein vielfältiges Angebot an physiotherapeutischen Anwendungen wiederherzustellen. Gute Qualität der Behandlung und unser hochqualifiziertes Personal zeichnen uns aus. Wenn wir Sie behandeln wollen wir Ihre körperliche Flexibilität und Ihr Wohlbefinden verbessern und Ihnen dadurch wiederum zu mehr Lebensqualität verhelfen. Bei uns dreht &hellip; <a href="https://www.physiopraxis-uhingen.de/services/services/kraenkengymnaestik-haeuesbesuech-adelberg/" class="more-link">Continue reading<span class="screen-reader-text"> &#8222;krankengymnastik hausbesuch Adelberg Tel.: 07161-37176&#8220;</span></a></p>
