{"id":62,"date":"2023-04-20T02:53:16","date_gmt":"2023-04-20T02:53:16","guid":{"rendered":"https:\/\/www.physiopraxis-uhingen.de\/services\/?page_id=62"},"modified":"2023-04-20T02:53:16","modified_gmt":"2023-04-20T02:53:16","slug":"physiotheraepeuet-adelberg","status":"publish","type":"page","link":"https:\/\/www.physiopraxis-uhingen.de\/services\/services\/physiotheraepeuet-adelberg\/","title":{"rendered":"Physiotherapeut Adelberg Tel.: 07161-37176"},"content":{"rendered":"<h2>Unsere Praxis unterst\u00fctzt gro\u00dfe und kleinere Patientinnen und Patienten dabei, die Funktionalit\u00e4t des K\u00f6rpers durch ein vielf\u00e4ltiges Angebot an therapeutischen Anwendungen wiederherzustellen.<\/p>\n<\/h2>\n<p> Moderne Therapeutische-Behandlungsmethoden und unser qualifiziertes Behandlungsteam gew\u00e4hrleistet eine h\u00f6chste Qualit\u00e4t der Behandlung. Wenn wir Sie behandeln m\u00f6chten wir Ihre k\u00f6rperliche Dynamik und Ihr Wohlbefinden steigern und Ihnen dadurch wiederum zu mehr Lebensqualit\u00e4t verhelfen.<\/h2>\n<h2>Unsere Praxis stellt die Physiotherapie in den Mittelpunkt<\/h2>\n<p>In unseren einladenden und aktuell ausgestatteten Praxisr\u00e4umen im Zentrum von Uhingen sind Sie herzlich willkommen. Unsere Mitarbeiter sind anerkannte Physiotherapeuten, die Sie in guter Atmosph\u00e4re engagiert und pers\u00f6nlich unterst\u00fctzen. Es ist unsere \u00dcberzeugung, dass nur ein ganzheitliches Denken in der Therapie zum Gelingen f\u00fchrt. Erfreulicherweise bekr\u00e4ftigen uns die Feedbacks unserer Patienten, dass wir auf dem optimalen Weg sind. Sehen Sie sich in Ruhe auf unser Website um, wir freuen uns auf Ihr Feedback aus Adelberg.<\/p>\n<h2>Sie erreichen uns \u00fcber das Telefon und k\u00f6nnen im Web einen Termin ausmachen.<\/h2>\n<p>Unsere Rezeption ist gew\u00f6hnlich meistens besetzt. Sollten Sie uns einmal nicht telefonisch erreichen, ersuchen wir Sie uns eine Information mit Ihrem Namen sowie Ihrer Telefonnummer auf unseren Ab zu sprechen. Unsere Physiotherapeuten rufen Sie dann prompt zur\u00fcck. K\u00f6nnen Sie einen Termin nicht wahrnehmen, sollten Sie uns bitte 24 Stunden zuvor absagen, dadurch k\u00f6nnen wir unseren Terminplan darauf einstellen. Sie erm\u00f6glichen dadurch anderen Patienten einen ehernen Praxistermin zu bekommen.<\/p>\n<p>Bringen Sie zu einem ersten Praxistermin Ihr Rezept, Ihre Versicherungskartee und wenn Sie haben, Ihren aktuellen Befund mit.<\/p>\n<h2>Wir freuen uns auf Sie<\/h2>\n<p>Sie erreichen uns <strong><span style=\"color: #F79646;\">per Telefon<\/span><\/strong> unter: <strong><span style=\"color: #F79646;\">0 71 61 37 17 6<\/span><\/strong> , per <strong><span style=\"color: #F79646;\">E-Mail<\/span><\/strong> unter: <strong><span style=\"color: #F79646;\">info@kg-kaelberer.de<\/span><\/strong> oder \u00fcber das nachfolgende <strong><span style=\"color: #F79646;\">Kontakt Formular<\/span><\/strong>.<\/p>\n<h2>Physiotherapeut Termin bestellen<\/h2>\n<div role=\"form\" class=\"wpcf7\" id=\"wpcf7-f4-o1\" lang=\"de-DE\" dir=\"ltr\">\n<div class=\"screen-reader-response\"><p role=\"status\" aria-live=\"polite\" aria-atomic=\"true\"><\/p> <ul><\/ul><\/div>\n<form action=\"\/services\/wp-json\/wp\/v2\/pages\/62#wpcf7-f4-o1\" method=\"post\" class=\"wpcf7-form init\" novalidate=\"novalidate\" data-status=\"init\">\n<div style=\"display: none;\">\n<input type=\"hidden\" name=\"_wpcf7\" value=\"4\" \/>\n<input type=\"hidden\" name=\"_wpcf7_version\" value=\"5.5.4\" \/>\n<input type=\"hidden\" name=\"_wpcf7_locale\" value=\"de_DE\" \/>\n<input type=\"hidden\" name=\"_wpcf7_unit_tag\" value=\"wpcf7-f4-o1\" \/>\n<input type=\"hidden\" name=\"_wpcf7_container_post\" value=\"0\" \/>\n<input type=\"hidden\" name=\"_wpcf7_posted_data_hash\" value=\"\" \/>\n<\/div>\n<p>Betreff: <span class=\"wpcf7-form-control-wrap menu-213\"><select name=\"menu-213\" class=\"wpcf7-form-control wpcf7-select wpcf7-validates-as-required\" aria-required=\"true\" aria-invalid=\"false\"><option value=\"Termin\">Termin<\/option><option value=\"Sonstiges\">Sonstiges<\/option><\/select><\/span><\/p>\n<p><label> *Name<br \/>\n    <span class=\"wpcf7-form-control-wrap your-name\"><input type=\"text\" name=\"your-name\" value=\"\" size=\"40\" class=\"wpcf7-form-control wpcf7-text wpcf7-validates-as-required\" aria-required=\"true\" aria-invalid=\"false\" \/><\/span> <\/label><\/p>\n<p><span id=\"wpcf7-69f1d28119daa-wrapper\" class=\"wpcf7-form-control-wrap Vorname-wrap\" style=\"display:none !important; visibility:hidden !important;\"><label for=\"wpcf7-69f1d28119daa-field\" class=\"hp-message\">Bitte lasse dieses Feld leer.<\/label><input id=\"wpcf7-69f1d28119daa-field\"  class=\"wpcf7-form-control wpcf7-text\" type=\"text\" name=\"Vorname\" value=\"\" size=\"40\" tabindex=\"-1\" autocomplete=\"off\" \/><\/span><\/p>\n<p><label> *E-Mail-Adresse<br \/>\n    <span class=\"wpcf7-form-control-wrap your-email\"><input type=\"email\" name=\"your-email\" value=\"\" size=\"40\" class=\"wpcf7-form-control wpcf7-text wpcf7-email wpcf7-validates-as-required wpcf7-validates-as-email\" aria-required=\"true\" aria-invalid=\"false\" \/><\/span> <\/label><\/p>\n<p><label> *Nachricht (optional)<br \/>\n    <span class=\"wpcf7-form-control-wrap your-message\"><textarea name=\"your-message\" cols=\"40\" rows=\"10\" class=\"wpcf7-form-control wpcf7-textarea wpcf7-validates-as-required\" aria-required=\"true\" aria-invalid=\"false\"><\/textarea><\/span> <\/label><\/p>\n<div style=\"background-color: rgba(128,128,128,.05); border: 1px solid rgba(128,128,128,.1); padding: .5em;\">\n<span class=\"wpcf7-form-control-wrap accept-this-1\"><span class=\"wpcf7-form-control wpcf7-acceptance\"><span class=\"wpcf7-list-item\"><label><input type=\"checkbox\" name=\"accept-this-1\" value=\"1\" aria-invalid=\"false\" \/><span class=\"wpcf7-list-item-label\">*Ich willige ein, dass meine Angaben zur Kontaktaufnahme und Zuordnung f\u00fcr eventuelle R\u00fcckfragen dauerhaft gespeichert werden (diese Einwilligung k\u00f6nnen Sie jederzeit durch Nachricht an uns widerrufen - Ihre Daten werden dann umgehend gel\u00f6scht). Weitere Informationen finden Sie in der <a target=\"_blank\" href=\"\/datenschutz\/\">Datenschutzerkl\u00e4rung<\/a>.<\/span><\/label><\/span><\/span><\/span>\n<\/div>\n<p><input type=\"submit\" value=\"Senden\" class=\"wpcf7-form-control has-spinner wpcf7-submit\" \/><\/p>\n<div class=\"wpcf7-response-output\" aria-hidden=\"true\"><\/div><\/form><\/div>\n","protected":false},"excerpt":{"rendered":"<p>Unsere Praxis unterst\u00fctzt gro\u00dfe und kleinere Patientinnen und Patienten dabei, die Funktionalit\u00e4t des K\u00f6rpers durch ein vielf\u00e4ltiges Angebot an therapeutischen Anwendungen wiederherzustellen. Moderne Therapeutische-Behandlungsmethoden und unser qualifiziertes Behandlungsteam gew\u00e4hrleistet eine h\u00f6chste Qualit\u00e4t der Behandlung. Wenn wir Sie behandeln m\u00f6chten wir Ihre k\u00f6rperliche Dynamik und Ihr Wohlbefinden steigern und Ihnen dadurch wiederum zu mehr Lebensqualit\u00e4t verhelfen. &hellip; <a href=\"https:\/\/www.physiopraxis-uhingen.de\/services\/services\/physiotheraepeuet-adelberg\/\" class=\"more-link\">Continue reading<span class=\"screen-reader-text\"> &#8222;Physiotherapeut Adelberg Tel.: 07161-37176&#8220;<\/span><\/a><\/p>\n","protected":false},"author":2,"featured_media":63,"parent":24,"menu_order":0,"comment_status":"closed","ping_status":"closed","template":"","meta":[],"_links":{"self":[{"href":"https:\/\/www.physiopraxis-uhingen.de\/services\/wp-json\/wp\/v2\/pages\/62"}],"collection":[{"href":"https:\/\/www.physiopraxis-uhingen.de\/services\/wp-json\/wp\/v2\/pages"}],"about":[{"href":"https:\/\/www.physiopraxis-uhingen.de\/services\/wp-json\/wp\/v2\/types\/page"}],"author":[{"embeddable":true,"href":"https:\/\/www.physiopraxis-uhingen.de\/services\/wp-json\/wp\/v2\/users\/2"}],"replies":[{"embeddable":true,"href":"https:\/\/www.physiopraxis-uhingen.de\/services\/wp-json\/wp\/v2\/comments?post=62"}],"version-history":[{"count":0,"href":"https:\/\/www.physiopraxis-uhingen.de\/services\/wp-json\/wp\/v2\/pages\/62\/revisions"}],"up":[{"embeddable":true,"href":"https:\/\/www.physiopraxis-uhingen.de\/services\/wp-json\/wp\/v2\/pages\/24"}],"wp:featuredmedia":[{"embeddable":true,"href":"https:\/\/www.physiopraxis-uhingen.de\/services\/wp-json\/wp\/v2\/media\/63"}],"wp:attachment":[{"href":"https:\/\/www.physiopraxis-uhingen.de\/services\/wp-json\/wp\/v2\/media?parent=62"}],"curies":[{"name":"wp","href":"https:\/\/api.w.org\/{rel}","templated":true}]}}

<h2>Unsere Praxis unterstützt große und kleinere Patientinnen und Patienten dabei, die Funktionalität des Körpers durch ein vielfältiges Angebot an therapeutischen Anwendungen wiederherzustellen.</p>
</h2>
<p> Moderne Therapeutische-Behandlungsmethoden und unser qualifiziertes Behandlungsteam gewährleistet eine höchste Qualität der Behandlung. Wenn wir Sie behandeln möchten wir Ihre körperliche Dynamik und Ihr Wohlbefinden steigern und Ihnen dadurch wiederum zu mehr Lebensqualität verhelfen.</h2>
<h2>Unsere Praxis stellt die Physiotherapie in den Mittelpunkt</h2>
<p>In unseren einladenden und aktuell ausgestatteten Praxisräumen im Zentrum von Uhingen sind Sie herzlich willkommen. Unsere Mitarbeiter sind anerkannte Physiotherapeuten, die Sie in guter Atmosphäre engagiert und persönlich unterstützen. Es ist unsere Überzeugung, dass nur ein ganzheitliches Denken in der Therapie zum Gelingen führt. Erfreulicherweise bekräftigen uns die Feedbacks unserer Patienten, dass wir auf dem optimalen Weg sind. Sehen Sie sich in Ruhe auf unser Website um, wir freuen uns auf Ihr Feedback aus Adelberg.</p>
<h2>Sie erreichen uns über das Telefon und können im Web einen Termin ausmachen.</h2>
<p>Unsere Rezeption ist gewöhnlich meistens besetzt. Sollten Sie uns einmal nicht telefonisch erreichen, ersuchen wir Sie uns eine Information mit Ihrem Namen sowie Ihrer Telefonnummer auf unseren Ab zu sprechen. Unsere Physiotherapeuten rufen Sie dann prompt zurück. Können Sie einen Termin nicht wahrnehmen, sollten Sie uns bitte 24 Stunden zuvor absagen, dadurch können wir unseren Terminplan darauf einstellen. Sie ermöglichen dadurch anderen Patienten einen ehernen Praxistermin zu bekommen.</p>
<p>Bringen Sie zu einem ersten Praxistermin Ihr Rezept, Ihre Versicherungskartee und wenn Sie haben, Ihren aktuellen Befund mit.</p>
<h2>Wir freuen uns auf Sie</h2>
<p>Sie erreichen uns <strong><span style="color: #F79646;">per Telefon</span></strong> unter: <strong><span style="color: #F79646;">0 71 61 37 17 6</span></strong> , per <strong><span style="color: #F79646;">E-Mail</span></strong> unter: <strong><span style="color: #F79646;">info@kg-kaelberer.de</span></strong> oder über das nachfolgende <strong><span style="color: #F79646;">Kontakt Formular</span></strong>.</p>
<h2>Physiotherapeut Termin bestellen</h2>
<div role="form" class="wpcf7" id="wpcf7-f4-o1" lang="de-DE" dir="ltr">
<div class="screen-reader-response"><p role="status" aria-live="polite" aria-atomic="true"></p> <ul></ul></div>
<form action="/services/wp-json/wp/v2/pages/62#wpcf7-f4-o1" method="post" class="wpcf7-form init" novalidate="novalidate" data-status="init">
<div style="display: none;">
<input type="hidden" name="_wpcf7" value="4" />
<input type="hidden" name="_wpcf7_version" value="5.5.4" />
<input type="hidden" name="_wpcf7_locale" value="de_DE" />
<input type="hidden" name="_wpcf7_unit_tag" value="wpcf7-f4-o1" />
<input type="hidden" name="_wpcf7_container_post" value="0" />
<input type="hidden" name="_wpcf7_posted_data_hash" value="" />
</div>
<p>Betreff: <span class="wpcf7-form-control-wrap menu-213"><select name="menu-213" class="wpcf7-form-control wpcf7-select wpcf7-validates-as-required" aria-required="true" aria-invalid="false"><option value="Termin">Termin</option><option value="Sonstiges">Sonstiges</option></select></span></p>
<p><label> *Name<br />
    <span class="wpcf7-form-control-wrap your-name"><input type="text" name="your-name" value="" size="40" class="wpcf7-form-control wpcf7-text wpcf7-validates-as-required" aria-required="true" aria-invalid="false" /></span> </label></p>
<p><span id="wpcf7-69f1d28119daa-wrapper" class="wpcf7-form-control-wrap Vorname-wrap" style="display:none !important; visibility:hidden !important;"><label for="wpcf7-69f1d28119daa-field" class="hp-message">Bitte lasse dieses Feld leer.</label><input id="wpcf7-69f1d28119daa-field"  class="wpcf7-form-control wpcf7-text" type="text" name="Vorname" value="" size="40" tabindex="-1" autocomplete="off" /></span></p>
<p><label> *E-Mail-Adresse<br />
    <span class="wpcf7-form-control-wrap your-email"><input type="email" name="your-email" value="" size="40" class="wpcf7-form-control wpcf7-text wpcf7-email wpcf7-validates-as-required wpcf7-validates-as-email" aria-required="true" aria-invalid="false" /></span> </label></p>
<p><label> *Nachricht (optional)<br />
    <span class="wpcf7-form-control-wrap your-message"><textarea name="your-message" cols="40" rows="10" class="wpcf7-form-control wpcf7-textarea wpcf7-validates-as-required" aria-required="true" aria-invalid="false"></textarea></span> </label></p>
<div style="background-color: rgba(128,128,128,.05); border: 1px solid rgba(128,128,128,.1); padding: .5em;">
<span class="wpcf7-form-control-wrap accept-this-1"><span class="wpcf7-form-control wpcf7-acceptance"><span class="wpcf7-list-item"><label><input type="checkbox" name="accept-this-1" value="1" aria-invalid="false" /><span class="wpcf7-list-item-label">*Ich willige ein, dass meine Angaben zur Kontaktaufnahme und Zuordnung für eventuelle Rückfragen dauerhaft gespeichert werden (diese Einwilligung können Sie jederzeit durch Nachricht an uns widerrufen - Ihre Daten werden dann umgehend gelöscht). Weitere Informationen finden Sie in der <a target="_blank" href="/datenschutz/">Datenschutzerklärung</a>.</span></label></span></span></span>
</div>
<p><input type="submit" value="Senden" class="wpcf7-form-control has-spinner wpcf7-submit" /></p>
<div class="wpcf7-response-output" aria-hidden="true"></div></form></div>

<p>Unsere Praxis unterstützt große und kleinere Patientinnen und Patienten dabei, die Funktionalität des Körpers durch ein vielfältiges Angebot an therapeutischen Anwendungen wiederherzustellen. Moderne Therapeutische-Behandlungsmethoden und unser qualifiziertes Behandlungsteam gewährleistet eine höchste Qualität der Behandlung. Wenn wir Sie behandeln möchten wir Ihre körperliche Dynamik und Ihr Wohlbefinden steigern und Ihnen dadurch wiederum zu mehr Lebensqualität verhelfen. &hellip; <a href="https://www.physiopraxis-uhingen.de/services/services/physiotheraepeuet-adelberg/" class="more-link">Continue reading<span class="screen-reader-text"> &#8222;Physiotherapeut Adelberg Tel.: 07161-37176&#8220;</span></a></p>
